 and 16?
8
What is the highest common factor of 64 and 20000?
32
What is the highest common divisor of 19668 and 396?
132
What is the greatest common factor of 12996 and 36?
36
What is the highest common factor of 1955 and 299?
23
What is the highest common factor of 30 and 60?
30
What is the greatest common divisor of 255 and 30?
15
Calculate the highest common factor of 622 and 8.
2
What is the greatest common divisor of 110 and 90?
10
Calculate the greatest common factor of 4384 and 352.
32
What is the greatest common factor of 154 and 1892?
22
What is the highest common factor of 124 and 7750?
62
What is the highest common factor of 10856 and 184?
184
Calculate the greatest common factor of 42 and 90.
6
What is the greatest common factor of 1328 and 320?
16
What is the highest common divisor of 117 and 819?
117
What is the highest common factor of 9 and 36?
9
Calculate the highest common divisor of 15165 and 45.
45
Calculate the highest common factor of 15 and 24.
3
Calculate the greatest common factor of 320 and 1040.
80
What is the greatest common factor of 42 and 2268?
42
Calculate the greatest common divisor of 70 and 35.
35
What is the greatest common factor of 5418 and 43?
43
What is the greatest common divisor of 1 and 3?
1
What is the greatest common divisor of 1424 and 534?
178
Calculate the highest common factor of 13 and 247.
13
Calculate the highest common divisor of 22 and 55.
11
Calculate the highest common factor of 1309 and 119.
119
Calculate the highest common divisor of 969 and 57.
57
What is the highest common factor of 16 and 924?
4
What is the greatest common divisor of 350 and 625?
25
Calculate the greatest common factor of 155 and 16.
1
Calculate the highest common factor of 39 and 15.
3
What is the highest common factor of 325 and 13?
13
Calculate the greatest common divisor of 2461 and 23.
23
Calculate the greatest common divisor of 90 and 585.
45
Calculate the greatest common factor of 22 and 2.
2
Calculate the greatest common divisor of 533 and 82.
41
Calculate the greatest common factor of 4914 and 28.
14
Calculate the greatest common factor of 12 and 417.
3
Calculate the greatest common divisor of 1568 and 32.
32
Calculate the highest common factor of 69216 and 192.
96
What is the greatest common divisor of 804 and 36?
12
What is the highest common divisor of 123 and 64329?
123
Calculate the highest common divisor of 145 and 35.
5
What is the greatest common divisor of 1242 and 24?
6
What is the highest common divisor of 8 and 712?
8
What is the greatest common divisor of 116 and 6206?
58
What is the highest common divisor of 820 and 1435?
205
Calculate the highest common divisor of 68 and 102.
34
What is the greatest common divisor of 17213 and 14?
7
Calculate the greatest common factor of 30 and 230.
10
Calculate the highest common factor of 1632 and 96.
96
What is the highest common divisor of 57 and 9?
3
Calculate the greatest common factor of 1357 and 23.
23
Calculate the greatest common factor of 140 and 500.
20
Calculate the highest common divisor of 2000 and 2125.
125
What is the greatest common factor of 12 and 12?
12
Calculate the highest common factor of 31 and 8277.
31
What is the highest common factor of 1250 and 300?
50
What is the greatest common factor of 76 and 266?
38
What is the greatest common factor of 1030 and 20?
10
Calculate the greatest common factor of 10 and 185.
5
Calculate the highest common divisor of 8600 and 1800.
200
What is the highest common divisor of 3 and 459?
3
What is the greatest common divisor of 371 and 106?
53
Calculate the highest common divisor of 80 and 1712.
16
Calculate the greatest common divisor of 522 and 15921.
261
What is the greatest common divisor of 3654 and 72?
18
What is the greatest common factor of 78 and 6682?
26
Calculate the highest common factor of 7 and 28.
7
Calculate the greatest common factor of 88 and 836.
44
What is the highest common factor of 591 and 15?
3
Calculate the greatest common factor of 90 and 40.
10
Calculate the highest common divisor of 149 and 149.
149
What is the greatest common divisor of 8346 and 78?
78
Calculate the highest common factor of 445 and 267.
89
Calculate the greatest common factor of 3611 and 46.
23
Calculate the highest common divisor of 10 and 75.
5
Calculate the highest common factor of 4585 and 524.
131
What is the greatest common factor of 27 and 2133?
27
What is the greatest common factor of 110 and 1705?
55
What is the highest common divisor of 7 and 23?
1
Calculate the greatest common factor of 2079 and 42.
21
What is the greatest common factor of 212 and 1325?
53
What is the greatest common divisor of 632 and 869?
79
What is the greatest common factor of 31568 and 64?
16
What is the greatest common factor of 28 and 45486?
14
What is the greatest common factor of 224 and 588?
28
Calculate the greatest common factor of 370 and 39590.
370
What is the greatest common divisor of 208 and 91?
13
What is the greatest common factor of 58 and 1102?
58
Calculate the greatest common divisor of 14544 and 432.
144
What is the greatest common factor of 48 and 162?
6
What is the highest common factor of 3120 and 112?
16
Calculate the greatest common factor of 82 and 1886.
82
Calculate the greatest common factor of 4 and 419.
1
Calculate the greatest common divisor of 80 and 30.
10
What is the highest common divisor of 28 and 1988?
28
Calculate the greatest common divisor of 84 and 4560.
12
Calculate the highest common divisor of 182 and 14.
14
Calculate the greatest common factor of 204 and 4607.
17
What is the highest common divisor of 1144 and 814?
22
What is the greatest common factor of 248 and 124?
124
What is the highest common factor of 954 and 742?
106
Calculate the greatest common factor of 5 and 40.
5
Calculate the greatest common factor of 111 and 27861.
111
Calculate the highest common factor of 2786 and 616.
14
What is the highest common divisor of 23255 and 10?
5
What is the greatest common factor of 28 and 108?
4
Calculate the highest common divisor of 65 and 1261.
13
What is the highest common divisor of 6511 and 85?
17
Calculate the greatest common factor of 2 and 202.
2
Calculate the greatest common factor of 14 and 147.
7
Calculate the highest common divisor of 26 and 442.
26
Calculate the highest common factor of 158 and 4.
2
What is the greatest common factor of 266 and 14?
14
Calculate the greatest common divisor of 1024 and 48.
16
Calculate the highest common factor of 98 and 2618.
14
Calculate the greatest common divisor of 511 and 292.
73
What is the highest common divisor of 832 and 325?
13
What is the greatest common divisor of 30 and 690?
30
Calculate the highest common factor of 1739 and 74.
37
Calculate the greatest common divisor of 12507 and 44.
11
Calculate the highest common divisor of 52 and 702.
26
What is the greatest common factor of 410 and 30?
10
Calculate the greatest common divisor of 2024 and 368.
184
Calculate the greatest common factor of 4 and 244.
4
What is the highest common divisor of 429 and 33?
33
Calculate the greatest common divisor of 7 and 56.
7
What is the highest common divisor of 989 and 46?
23
Calculate the greatest common factor of 352 and 56.
8
Calculate the highest common factor of 96 and 444.
12
Calculate the greatest common divisor of 48 and 6928.
16
What is the highest common divisor of 372 and 92?
4
What is the highest common factor of 95 and 209?
19
Calculate the greatest common factor of 1430 and 2717.
143
Calculate the highest common factor of 836 and 132.
44
What is the greatest common factor of 335 and 5?
5
Calculate the greatest common factor of 110258 and 58.
58
Calculate the highest common factor of 22 and 16753.
11
Calculate the highest common divisor of 50 and 175.
25
Calculate the greatest common divisor of 154 and 22.
22
What is the greatest common factor of 2457 and 63?
63
What is the highest common divisor of 138 and 2?
2
Calculate the greatest common divisor of 282 and 188.
94
Calculate the highest common factor of 8 and 870.
2
What is the highest common divisor of 2 and 1?
1
What is the highest common factor of 6097 and 182?
91
What is the highest common factor of 12 and 3018?
6
Calculate the highest common divisor of 185 and 74.
37